. Let z(a) = -3*a**2 + 40*a - 15. Let x(i) = 2*t(i) - 3*z(i). Is x(14) a composite number?
False
Is (-295464)/(6/(-64)*4) + 3 a composite number?
False
Let z(j) = 3*j**2 - 3*j - 25. Let f be z(6). Is f - -9126 - (-4)/(2 + 0) a composite number?
True
Let h = 260165 + -122512. Is h prime?
True
Suppose 30*u = 144*u - 880422. Is u composite?
False
Let x be (1*(-4)/6)/((-4)/92034). Suppose p - 2775 = z, -5*p + x - 1462 = -4*z. Is p prime?
True
Suppose -3*n + 13256 = 2*r, 0 = 71*r - 70*r + 2. Suppose -n - 37167 = -13*f. Is f a composite number?
True
Suppose 2*y - 40498 - 38090 = -h, -4*y - 157168 = -2*h. Is h a composite number?
True
Suppose 2*g + 6 = 0, -7*x - 5*g - 138220 = -12*x. Is x a composite number?
True
Let k(u) = 1755893*u**2 - 66*u + 66. Is k(1) prime?
True
Let w be (-10)/(-14) + (-6)/(-21). Let f be 34764/20 + w*(-3)/15. Suppose 0 = -3*v + 299 + f. Is v a composite number?
True
Let w(u) = 43*u**3 + 23*u**2 - 431*u - 32. Is w(11) a prime number?
True
Let s = 34 - -7. Suppose -38*z - 4224 = -s*z. Is 1 + z - 1/(1/4) prime?
False
Let g(r) = r**3 + r**2 + 8*r + 1. Suppose 4*w = 5*w + w. Suppose w*y - 4*z = 2*y - 6, -5*y + 24 = z. Is g(y) a composite number?
False
Is -8 - -2 - (6/(-3) + -105441) a prime number?
True
Suppose -79*s - 28*s = -17787145. Is s a prime number?
False
Let a(w) = -5*w**2 + 12*w**2 - 18 - 6*w**2 + 4. Let b be a(0). Is (-7)/b + 73/2 composite?
False
Let p(c) = -325*c - 7. Suppose -2*i - j = 4*j + 14, -3*j - 12 = 3*i. Let a be p(i). Suppose 0 = 4*w - a - 585. Is w a composite number?
False
Suppose 614540 = 65*y - 722445. Is y composite?
True
Let p = -52407 + 89866. Is p prime?
False
Let c(m) = 66*m**2 + 87*m + 20. Suppose 188*l - 191*l = 63. Is c(l) a composite number?
False
Let o be (-1)/(1/(-288)) + 3. Let q = -49 + o. Suppose 19 = -m + q. Is m a composite number?
False
Let q = -4490 + 10934. Suppose q = 19*o - 3455. Is o a prime number?
True
Suppose -4*i = 8 - 4. Let k(v) = -2*v - 2. Let l be k(i). Suppose l*g - 4*g + z + 1636 = 0, -4*g - z = -1636. Is g a composite number?
False
Let p be (1 - 0) + 10/(30/29889). Let t = 25461 - p. Is t a composite number?
False
Let s = -13 + 8. Let v be (2/16*-30)/((-23)/(-11684)). Is -4 + 1/(s/v) prime?
False
Let b(q) = 55670*q + 7077. Is b(10) a prime number?
True
Let m(b) be the third derivative of -b**6/120 - 17*b**5/60 - b**4/3 - 7*b**3/2 + 11*b**2. Is m(-19) a prime number?
True
Let y be 8 + -1*(-5)/(-1). Suppose c = -y*c - 12. Is (0 + 3442/(-4))*(1 + c) composite?
False
Suppose -5*q = -q + 388. Let l = q + 99. Suppose l*g = -5*f + 255, -5*f = -0*f - g - 255. Is f prime?
False
Let y be (5 + 0)*(-2)/(-10). Is y/(20/90 + 2789/(-12591)) prime?
True
Suppose -m = i - 1425, 30*m - 10 = 25*m. Suppose q - 417 = 4*a + 36, -3*q - 4*a = -i. Is q a prime number?
False
Suppose -3*u + u = 6, 0 = -m + u + 5. Is -30 - -290 - ((m - 5) + 0) a prime number?
True
Let d = 9 - -232. Let o be 825/(-4) - (-11)/44. Let p = d - o. Is p a prime number?
False
Is (-2)/16 - (-3)/48*16566754 - 1 a prime number?
False
Suppose 0*t + g + 23 = 4*t, -g + 40 = 5*t. Suppose -t*s = -1793 - 3142. Suppose -4*d - s = -9*d. Is d composite?
True
Let i(b) = 4710*b - 1223. Is i(51) prime?
False
Suppose -57466 - 37426 = -5*z - i, 56952 = 3*z + 3*i. Is z prime?
False
Let a = -2440 + 9215. Let w = a - 2934. Is w a composite number?
True
Let u = -219 + 219. Suppose -3*x + 602 = -2*c + 3*c, -x + 5 = u. Is c composite?
False
Let a be (9/(-6))/((-5)/70). Suppose -35 = -7*c + a. Suppose c*n - 2179 - 1157 = 0. Is n prime?
False
Suppose -38*n + 86*n - 17096396 - 17343172 = 0. Is n composite?
False
Suppose 2*d - 3*o = 16, -d - 4*o - 12 = d. Suppose -d*h - 470 = -4*h. Suppose -t = -5*m + h, m - 44 = 3*t + 17. Is m a composite number?
True
Let c(a) be the first derivative of a**4/2 - a**3/3 + 2*a - 3. Let g be c(-1). Is ((-17)/(-34))/(g/2) + 1060 composite?
True
Let u = 3 - 6. Let b(g) = g - 1. Let c(k) = 508*k + 7. Let v(n) = 4*b(n) - c(n). Is v(u) composite?
True
Let p be (-5561)/(-2) + 12/8. Suppose 0 = -5*g + 3*b - 13027 - p, -3*g + 5*b = 9495. Is (g/15 + 6)/((-1)/3) a composite number?
True
Suppose -10*o + 7*o - 6*a + 341334 = 0, 5*o - 568918 = -3*a. Is o a prime number?
False
Suppose 7*n = -860941 + 3126302. Is n a prime number?
True
Suppose -5*x + 4*y = -459615, 10 = 45*y - 47*y. Is x a prime number?
False
Suppose 36*w - 38*w = -5*h + 246663, 0 = 3*h - w - 147997. Is h a prime number?
True
Is 9/(-5) + (-18132)/24*(-5964)/15 prime?
False
Let g(y) = 170*y + 427*y - 295 + 228*y + 36*y + 173*y. Is g(16) prime?
True
Suppose -x = 3*w - 0*w + 644, -4 = 2*x. Let t(l) = 99*l**3 - 3*l**2 + 2*l - 1. Let o be t(2). Let c = o - w. Is c a prime number?
True
Let f = 422813 + 370106. Is f prime?
True
Let s be ((-12)/10)/((-6)/40). Let x(f) = 14*f - 22 + 12*f + s*f + 9*f. Is x(9) a composite number?
True
Suppose -7071787 - 1016195 = -42*o. Is o prime?
True
Suppose 0 = f + k - 58852, 4*k = 50*f - 52*f + 117714. Is f a prime number?
False
Let u be (6/4)/(497/(-98) + 5). Let x(z) = z**3 + 24*z**2 + 27*z + 25. Is x(u) composite?
True
Let f(x) = 6*x - 36. Let r be f(5). Let t(w) = 475*w**2 + 7*w + 13. Is t(r) a composite number?
True
Let a(p) be the first derivative of -2*p**2 + 16*p + 11. Let s be a(3). Suppose 2*f = 4*b + 130, 2*b = -s*f - b + 293. Is f a prime number?
True
Suppose 157*v - 2093214 = -0*v + 579083. Is v a prime number?
True
Suppose -28 = 3*b - 10. Let l(t) be the third derivative of -7*t**6/60 + t**5/60 - t**4/12 - 7*t**3/6 + 3*t**2. Is l(b) composite?
True
Suppose 0 = -1069*m + 1087*m - 1013382. Is m prime?
True
Suppose 3*b + 3*r - 284619 = 0, -73*r + 72*r = 3*b - 284619. Is b a composite number?
False
Let i(v) = -21789*v - 1675. Is i(-8) prime?
False
Let x be ((-9)/(-2))/(1386/112 + -12). Suppose x*b = 269732 + 78376. Is b a prime number?
True
Let m(c) = -412658*c + 961. Is m(-2) prime?
False
Let c be 19 + (0 + -1)/((-2)/(-4)). Suppose -3*a - 39 = 3*f + f, a + c = -2*f. Is 982/(f/(-8) + (-45)/(-36)) a composite number?
False
Let q(y) = -y**3 + 135*y**2 - 164*y - 437. Is q(131) composite?
False
Let n = 496 + -496. Suppose 6*i + 24285 - 109971 = n. Is i prime?
True
Let x = -270613 + 486146. Is x a prime number?
False
Let u be 0 + (-2)/7 + 36/126. Suppose -4*g + 22*g - 25902 = u. Is g a composite number?
False
Let z = -165860 - -243066. Is z prime?
False
Let a = 5798 - 669. Is a prime?
False
Suppose 14240 = a - 9243. Is a a composite number?
True
Let j(o) = -1631*o + 6. Let i = -38 + 37. Is j(i) a prime number?
True
Let a be ((-42)/(-9))/(8/12 + 0). Let b(g) = g**2 - 7*g - 1. Let v be b(a). Is (v/(4/(-758)))/((-2)/(-4)) composite?
False
Suppose 5*h = -2*b - 13747 - 25843, -3*b - 59335 = -5*h. Let j = b + 30074. Is j a prime number?
True
Let y(p) = 2100*p - 11099. Is y(51) composite?
False
Let r be (35/21)/(15/36). Suppose -2*n + 7*n - 3455 = 5*w, -2760 = -r*n + 2*w. Is n prime?
False
Suppose 30464 = -0*g + 7*g. Suppose 0 = 14*b - 189810 + g. Is b prime?
False
Suppose -15405136 = 964*k - 1030*k + 3216302. Is k a composite number?
False
Is ((-6)/(-10))/(-4 + (-9914094)/(-2478510)) prime?
True
Suppose 14018 + 544 = -3*g. Let z = g - -12203. Is z prime?
True
Is (-4)/16 + (-2101395)/(-60) composite?
False
Let y be 3 + 7/((-14)/(-36370)). Is (2*y/(-16))/(3/(-6)) a prime number?
True
Let i(j) be the second derivative of 1864*j**3/3 + 57*j**2/2 - 37*j - 2. Is i(4) prime?
True
Let u be (48/(-60))/((-2)/(-40)). Let r be 375/200 - 2/u. Suppose 0 = -r*d + 170 + 36. Is d composite?
False
Let d be (-1284503)/(-77) - 2/(-14). Suppose s = 4*x - d, x = 6*x - 4*s - 20847. Is x prime?
False
Let z(r) = -9*r - 120. Let q be z(-13). Is (-1)/(-1) + q - -8499 a composite number?
True
Let w = 307 - 307. Is -5 - -5712 - (w + 0) composite?
True
Suppose -5*f = -1 - 14. Suppose -3*i = 3*v - f, 3*i - 5 = -2. Suppose -5*c + 3512 - 997 = v. Is c a composite number?
False
Let j be 0 + 3/(-6)*-2. Let s be j*-3*(-11)/33. Is (1277 - s) + (1 - 0) a prime number?
True
Let x = 22 + -27. Let d = -2 - x. Suppose -441 = 2*b - d*b + t, 5*t - 1339 = -3*b. Is b a prime number?
True
Let d be 2/(-3) + 3216/18. Let n = -110 - -499. Suppose 586 + d = 2*z + p, n = z + 4*p. Is z prime?
False
Let a = 751747 - 445944. Is a a prime number?
True
Is (68/22)/(1646/300767819) a prime num